18?
8
What is the ten thousands digit of 114164917?
6
What is the thousands digit of 120645946?
5
What is the tens digit of 131204604?
0
What is the thousands digit of 589162403?
2
What is the units digit of 2812412019?
9
What is the units digit of 127924441?
1
What is the units digit of 278273934?
4
What is the thousands digit of 888297319?
7
What is the units digit of 158314029?
9
What is the hundreds digit of 79732027?
0
What is the billions digit of 1038787208?
1
What is the ten millions digit of 87278111?
8
What is the thousands digit of 2840366?
0
What is the units digit of 195011863?
3
What is the millions digit of 241881084?
1
What is the ten millions digit of 428631544?
2
What is the ten thousands digit of 1365284412?
8
What is the ten thousands digit of 2004572763?
7
What is the ten millions digit of 70269681?
7
What is the millions digit of 10350602?
0
What is the ten millions digit of 18849162?
1
What is the units digit of 189910010?
0
What is the ten millions digit of 433209978?
3
What is the units digit of 105646427?
7
What is the millions digit of 144735410?
4
What is the hundreds digit of 98123992?
9
What is the millions digit of 2150844600?
0
What is the ten thousands digit of 56028255?
2
What is the millions digit of 4172541423?
2
What is the ten thousands digit of 258327227?
2
What is the millions digit of 131258806?
1
What is the hundreds digit of 112830946?
9
What is the hundreds digit of 461307749?
7
What is the hundred thousands digit of 1259515985?
5
What is the ten thousands digit of 49336215?
3
What is the thousands digit of 14811133?
1
What is the hundred thousands digit of 72454563?
4
What is the hundred thousands digit of 821896974?
8
What is the units digit of 182430766?
6
What is the millions digit of 72383880?
2
What is the thousands digit of 1593006722?
6
What is the ten millions digit of 132378347?
3
What is the units digit of 2791730268?
8
What is the thousands digit of 242459263?
9
What is the units digit of 44926053?
3
What is the ten millions digit of 319946315?
1
What is the millions digit of 21849990?
1
What is the units digit of 2155906416?
6
What is the thousands digit of 386926673?
6
What is the thousands digit of 86184742?
4
What is the hundred thousands digit of 40397498?
3
What is the millions digit of 108244263?
8
What is the tens digit of 33305521?
2
What is the hundred thousands digit of 2844263299?
2
What is the thousands digit of 1031534076?
4
What is the thousands digit of 30953878?
3
What is the hundred thousands digit of 701094677?
0
What is the ten thousands digit of 48318118?
1
What is the millions digit of 259164342?
9
What is the ten millions digit of 207468142?
0
What is the ten millions digit of 61946666?
6
What is the thousands digit of 2541951245?
1
What is the hundreds digit of 185461291?
2
What is the tens digit of 158118412?
1
What is the millions digit of 372073544?
2
What is the ten millions digit of 104753424?
0
What is the ten millions digit of 571685366?
7
What is the thousands digit of 66030011?
0
What is the units digit of 377585721?
1
What is the thousands digit of 21940213?
0
What is the units digit of 70320376?
6
What is the thousands digit of 187756097?
6
What is the millions digit of 409549945?
9
What is the millions digit of 517172304?
7
What is the units digit of 86928670?
0
What is the ten thousands digit of 27341882?
4
What is the hundreds digit of 68209756?
7
What is the billions digit of 1421114839?
1
What is the millions digit of 47035450?
7
What is the tens digit of 52248263?
6
What is the thousands digit of 466499864?
9
What is the hundred millions digit of 5512146757?
5
What is the units digit of 7750263?
3
What is the tens digit of 480601503?
0
What is the ten millions digit of 2264090066?
6
What is the tens digit of 377590041?
4
What is the millions digit of 53762698?
3
What is the units digit of 362039195?
5
What is the hundreds digit of 195302855?
8
What is the thousands digit of 1913534808?
4
What is the hundreds digit of 174071996?
9
What is the ten millions digit of 133142023?
3
What is the thousands digit of 17812631?
2
What is the hundreds digit of 4194550589?
5
What is the millions digit of 75760713?
5
What is the thousands digit of 129678618?
8
What is the billions digit of 3800501000?
3
What is the tens digit of 52217352?
5
What is the ten millions digit of 22776554?
2
What is the millions digit of 4379564480?
9
What is the millions digit of 11469363?
1
What is the thousands digit of 335942576?
2
What is the ten millions digit of 47613544?
4
What is the units digit of 1448132392?
2
What is the units digit of 448841259?
9
What is the ten millions digit of 517628429?
1
What is the hundreds digit of 1084865927?
9
What is the millions digit of 90825159?
0
What is the ten millions digit of 59465335?
5
What is the hundreds digit of 77599015?
0
What is the millions digit of 4191198009?
1
What is the ten millions digit of 108025339?
0
What is the hundred thousands digit of 24211857?
2
What is the hundreds digit of 608241858?
8
What is the ten thousands digit of 104362564?
6
What is the hundred thousands digit of 503316730?
3
What is the ten thousands digit of 768467017?
6
What is the tens digit of 307749762?
6
What is the thousands digit of 5451049139?
9
What is the ten thousands digit of 118193130?
9
What is the units digit of 826096683?
3
What is the hundred thousands digit of 77981207?
9
What is the tens digit of 757044?
4
What is the hundreds digit of 104842812?
8
What is the thousands digit of 1448824960?
4
What is the units digit of 754748990?
0
What is the ten millions digit of 1536841397?
3
What is the units digit of 75733707?
7
What is the hundreds digit of 282177264?
2
What is the millions digit of 62078263?
2
What is the units digit of 2396868240?
0
What is the tens digit of 2356644824?
2
What is the billions digit of 2069348232?
2
What is the hundred thousands digit of 859406682?
4
What is the ten millions digit of 2952108517?
5
What is the ten millions digit of 6693739555?
9
What is the units digit of 17299138?
8
What is the hundred thousands digit of 38712061?
7
What is the units digit of 371590184?
4
What is the units digit of 142119014?
4
What is the ten millions digit of 12477151?
1
What is the millions digit of 8032889?
8
What is the hundred thousands digit of 222315294?
3
What is the hundred thousands digit of 980866808?
8
What is the tens digit of 53817710?
1
What is the tens digit of 3580199844?
4
What is the hundred thousands digit of 192359642?
3
What is the ten thousands digit of 1028343654?
4
What is the thousands digit of 25536268?
6
What is the thousands digit of 20345051?
5
What is the hundreds digit of 154082566?
5
What is the thousands digit of 1373876718?
6
What is the thousands digit of 569467525?
7
What is the ten millions digit of 110422365?
1
What is the thousands digit of 23229164?
9
What is the tens digit of 130002955?
5
What is the units digit of 39840771?
1
What is the units digit of 5472011?
1
What is the hundred thousands digit of 298547568?
5
What is the thousands digit of 1652945778?
5
What is the ten thousands digit of 127286102?
8
What is the millions digit of 242244943?
2
What is the thousands digit of 81399090?
9
What is the millions digit of 528817106?
8
What is the hundred thousands digit of 4783687?
7
What is the tens digit of 142718833?
3
What is the tens digit of 242971994?
9
What is the units digit of 87755136?
6
What is the hundred millions digit of 1240119091?
2
What is the hundred thousands digit of 3461113924?
1
What is the hundred thousands digit of 1624191973?
1
What is the hundred millions digit of 245544446?
2
What is the ten millions digit of 3121452470?
2
What is the thousands digit of 466532640?
2
What is the ten millions digit of 2344444098?
4
What is the millions digit of 766386926?
6
What is the hundred thousands digit of 116078533?
0
What is the ten millions digit of 126517986?
2
What is the ten thousands digit of 6602176206?
7
What is the hundred millions digit of 2631923229?
6
What is the ten millions digit of 397471241?
9
What is the ten thousands digit of 833301690?
0
What is the millions digit of 131107228?
1
What is the ten millions digit of 409448313?
0
What is the tens digit